 -5. Let u(k) = 0*k**2 + 2*k**d - 11*k**2. What is u(1)?
-9
Let t be 0/(2 - 0) - -2. Let o = 9 - 6. Let r(d) = 2 + d + 3*d - 2 - o. Calculate r(t).
5
Let w = 4 - 2. Suppose -5*n - 16 = -a, 3*n + 1 = 4*a + 5. Let f(i) = 5*i + 3. Let z(o) = 2*o + 1. Let v(u) = n*f(u) + 11*z(u). Determine v(w).
3
Suppose 8*x - 6*x - 10 = 0. Let l(w) be the second derivative of -1/20*w**x - 1/6*w**3 + 2*w**2 + 0 + w + 0*w**4. What is l(0)?
4
Let v be (18/9 + -3 + -1)*2. Let o(q) = -q**3 - 3*q**2 + 3*q - 5. Determine o(v).
-1
Suppose d = 4*z - 3, 6 + 3 = -3*d + 5*z. Let j(v) be the third derivative of 2*v**2 + 0 + 1/12*v**4 + 1/3*v**3 + 0*v. Give j(d).
-4
Let x(n) = -n**3 + 4*n**2 + 3*n - 1. Let c(r) = -2*r**2 + 12*r + 5. Let d be c(6). What is x(d)?
-11
Suppose 40 = 6*o + 10. Let z(l) be the third derivative of l**4/12 - 2*l**3/3 + l**2. Calculate z(o).
6
Let x(v) be the first derivative of -v**4/4 - 2*v**3 - 3*v**2/2 - 9*v - 1. Determine x(-6).
9
Suppose -5*p + 5 = -20. Let j(x) = 60*x - 62*x - p + 1. Calculate j(-5).
6
Let d(z) = 2*z + 8. Let o(h) = -4*h - 15. Let k(r) = 5*d(r) + 2*o(r). What is k(-8)?
-6
Suppose 3*p - 12 = -p. Let g(s) = 3*s**2 + p*s - s**3 + 5*s - 3 + s - 5*s. Determine g(4).
-3
Let c(w) be the second derivative of -w**5/20 + w**4/4 - w**3/3 - 23*w. What is c(3)?
-6
Suppose -t + 4*w = 2*w, t = w - 1. Let d(l) = -2*l**3 - 2*l**2 - l + 2. Determine d(t).
12
Let d(k) be the second derivative of k**5/20 - k**4/2 + 5*k**3/6 + k**2 - k. Let t be (4/(-6))/(4/(-30)). Give d(t).
2
Let f(h) = 4*h + 0 - h**3 + 3*h**2 + 2*h**3 - h**2 + 2. Let z(t) = -1. Let n(q) = -q**2 + 6*q - 4. Let c(b) = -n(b) - 2*z(b). Let x be c(4). What is f(x)?
-6
Suppose -c + 5*d - 54 = 0, 7*d = -5*c + 4*d - 158. Let n = c + -10. Let t be (-8)/n + (-35)/11. Let k(s) = -s - 3. What is k(t)?
0
Let b(z) = -53*z - 12 + 3*z**2 + 57*z + z**3 + 15. Give b(-2).
-1
Let j(s) = -2*s - 3. Suppose 0 = -c - 5*x + 14, 5*x - 3*x - 16 = -3*c. Suppose -4*f - c = -2*f. Give j(f).
1
Let r(l) be the second derivative of l**5/20 + l**4/12 + 7*l**2/2 - 5*l. Calculate r(0).
7
Let r(j) = j - 1. Let a(y) = -y**2 + 8*y + 3. Let g = -2 + 1. Let c(t) = g*r(t) + a(t). What is c(5)?
14
Suppose 0*t - 9 = 3*t. Let o(v) be the third derivative of -v**6/120 - v**5/20 + v**4/24 - v**3/6 + 3*v**2. What is o(t)?
-4
Suppose -y = 3*v - 5, -v - 3*y + 11 = 2*y. Let h(q) be the first derivative of 3*q**3 - q**2 + q + 12. Determine h(v).
8
Suppose -n + 21 = 2*n. Let o(y) = -3*y**2 - 3 + 2 - 8*y - 7*y**2 + n*y. Determine o(-1).
-10
Let n(r) = -7*r**2 - 4*r**2 + 3*r**2 - 7*r + 1 + 5 - r**3. Suppose 0 = -3*b + 7*j - 2*j - 6, 0 = -3*j - 9. What is n(b)?
6
Let u(l) = 4*l - 1. Let z(g) = 2*g - 6. Let p be z(5). Let o be p/(-2*(-1)/4). Suppose -h - 1 = 2*k, 2*k = 6*k + 4*h + o. Calculate u(k).
3
Let o(c) = -c**3 - c**2 - c. Let j(k) = -4*k**3 - 13*k**2 - 5*k - 3. Let u(b) = -j(b) + 5*o(b). Calculate u(8).
3
Suppose -t - 22 = -4*t + 2*h, t + 6 = -2*h. Let s(m) = -m - 4 - m + 6. Determine s(t).
-6
Let u(r) = -r - 1. Let j(v) = 7*v + 2. Let y(m) = j(m) + 6*u(m). Give y(3).
-1
Let q(s) = -s**2 + 4*s + 3. Suppose 3*d - 2*v + 13 = 4*d, d - 8 = -v. Determine q(d).
6
Let d(i) be the second derivative of 5*i**4/12 - i**3/6 + 5*i**2 + i. Let a(x) = 2*x**2 - 4*x**2 - 9 - 2*x**2 + 2*x. Let t(j) = 4*a(j) + 3*d(j). Determine t(4).
-2
Let y(l) = -5*l**2 + 3*l - 3. Suppose -2*b + 3*n = -0*n + 11, 4*b + 7 = 3*n. Give y(b).
-17
Let n(q) = -3*q + 6. Let j = 64 + -60. Calculate n(j).
-6
Let r(i) = 5*i**2 - 3*i. Let n(u) = -6*u**2 + 4*u - 1. Let g(x) = -4*n(x) - 5*r(x). Let w(f) = -f**2 - 8*f. Let l be w(-5). Suppose -3*m + l = -8*m. Give g(m).
-2
Let x = 4 - 3. Suppose x = -3*i + 10. Suppose -w + 2 = 2*h, -3*h + 2 = -h - i*w. Let o(c) = -2*c**3 + c**2. What is o(h)?
-1
Let b(h) = -13*h**2 - 5*h + 4. Let o(p) = 7*p**2 + 3*p - 2. Let y(s) = 6*b(s) + 11*o(s). Suppose 7*n - 2*n = -20. Let q be (n - 0)*(-2)/4. Give y(q).
4
Let n be ((-28)/7)/(4/10). Let h = n + 13. Let f(d) = -d**2 + 2*d - 2. Calculate f(h).
-5
Let d(j) = 13 + 13 - 27 + 3*j. Suppose 4*a - 3*p = -4, 4*a - 3 - 25 = -5*p. Calculate d(a).
5
Let a(v) be the first derivative of v**3/3 - 2*v - 1. Calculate a(3).
7
Suppose -3*j = -1 + 4. Let d(s) = -4*s**3 + s - 1. Let i(a) = 16*a**3 - 5*a + 4. Let y(n) = -9*d(n) - 2*i(n). Give y(j).
-4
Let v = -114 + 116. Let m(i) be the first derivative of -i**4/4 + i**3 - i**2/2 + i + 1. What is m(v)?
3
Suppose 3*h + 7 + 5 = 0. Let c(s) = 3*s - 2*s - 1 - 3*s. Determine c(h).
7
Let i be 2 + (-1 - 0 - -3). Let l = i - 6. Let r(w) be the second derivative of w**5/20 + w**4/6 - w**3/6 - w**2 + w. Determine r(l).
0
Let j(f) = -f**2 - 9*f + 4. Let d be j(-10). Let m(z) = z**2 + 8*z + 5. Calculate m(d).
-7
Let u = 16 - 11. Let l(q) be the second derivative of q**5/20 - q**4/2 + q**3 - q**2/2 + 43*q - 1. Determine l(u).
4
Suppose 0*d = -d. Suppose 0*u = u - z - 3, -4*u + 6 = 2*z. Let x(j) = 2*j - 3*j - u*j**2 + 2*j**2 - j**2 - 2. What is x(d)?
-2
Let m(l) = -6*l + 3. Let u(d) = d**2 - 3*d + 3*d + d + 2. Suppose 0 = g + 3*g. Let b be u(g). Give m(b).
-9
Let l(c) = -c + 5. Let j(m) = m + 6. Let t be j(0). What is l(t)?
-1
Suppose 2 = u - 4. Let a(r) = r**2 - 9*r - 2. Determine a(u).
-20
Let i(c) be the second derivative of c**5/120 + c**4/24 - 4*c**3/3 + 9*c. Let k(q) be the second derivative of i(q). What is k(-1)?
0
Let y(x) be the second derivative of -x**3 - 2*x**2 + 4*x. Let l(v) = v + 1. Let r(w) = -5*l(w) - y(w). Calculate r(-3).
-4
Let f(h) be the second derivative of h**4/12 + 7*h**3/6 + 3*h**2/2 + 2*h - 35. Calculate f(-5).
-7
Let y = 1 + 1. Let c(k) = 0 + 1 + y*k + 0*k. What is c(-3)?
-5
Let z be -3*3/(-9) - 4. Let h(c) = 2*c**2 + 3*c - 1. Give h(z).
8
Suppose 3*o + 10 = -2. Let d = -2 - o. Let m(a) = 1 + a**3 + 3*a + 0*a**2 - 6 + 5*a**d. Calculate m(-4).
-1
Let x = 1 + -1. Suppose -4*t = 5*i - 9*t - 10, 0 = -4*i + 5*t + 4. Let p(v) = -5 + 0*v - i + 5 + v**3 - v. Determine p(x).
-6
Suppose 0 = 3*y - 0*y. Let q(r) = r**2 + r + 1. Let p(j) = -7*j**2 - 6*j - 7. Let f(i) = p(i) + 6*q(i). Let l(s) = 3. Let w(m) = -f(m) - l(m). Determine w(y).
-2
Let v(x) = -x**2 + 7*x - 6. Suppose 22 = -3*r + 7*r - o, -r + 15 = -5*o. Suppose -r*l + 16 = -l. Calculate v(l).
6
Let w(j) = -j**2. Let v(c) = -3*c**2 + 3*c + 1. Let u(y) = -v(y) + 2*w(y). Let x be (-6)/(-3) - 1*-9. Suppose -3*m + 1 = -x. Calculate u(m).
3
Suppose 5*a - 3*a = 0. Let r(s) be the first derivative of -1/4*s**4 + 2 - 2/3*s**3 - 3/2*s**2 + a*s. Calculate r(-2).
6
Suppose 6*s = s + 10. Suppose -2*l + 2*y + 4 = -2*y, -10 = -5*l - 3*y. Let o(n) = -4 + 5*n**2 - 3*n**l + 3. Give o(s).
7
Let r = -13 - -13. Suppose 0 = 2*i + 3*d, 5*i + 3*d = 6*d + 21. Suppose -i*h = -3 - r. Let l(t) = -4*t - 1. Determine l(h).
-5
Suppose 0 = 3*c - 4 - 8. Let b(d) = 10*d**3 - 12*d**2 + 7*d - 16. Let g(v) = 7*v**3 - 8*v**2 + 5*v - 11. Let w(n) = 5*b(n) - 7*g(n). Calculate w(c).
-3
Let r(b) be the second derivative of -b**3/6 + b**2 + 7*b. Calculate r(3).
-1
Let i(k) be the first derivative of -k**5/20 - k**4/3 + 5*k**3/6 + 3*k**2 - 5*k + 1. Let t(f) be the first derivative of i(f). What is t(-5)?
6
Let x = 1 - 2. Let o(w) = -4*w**3 - 16*w + w**3 + 14*w - 5 + 4 - w**2. What is o(x)?
3
Let q(o) be the second derivative of o**3/3 + o**2/2 - o - 14. Determine q(7).
15
Let x(k) be the first derivative of k**2 + 9*k - 1. Suppose j + 2 + 4 = 0. Let c be x(j). Let r(t) = t**3 + 2*t**2 - 3*t - 2. What is r(c)?
-2
Let b(m) = -2*m + 2. Suppose 0*r = -4*o + r + 5, 4*r = -5*o + 22. Determine b(o).
-2
Let l(h) be the first derivative of -h - 1/2*h**4 + 2 - 2/3*h**3 - h**2. Determine l(-1).
1
Suppose o - 2 = 3*o. Let g(l) be the third derivative of 0*l**4 - 7/60*l**5 - 1/6*l**3 + 0 - l**2 + 0*l. Give g(o).
-8
Let s(l) be the first derivative of -l**4/4 + 2*l**3/3 + 3*l**2 - l - 8. What is s(4)?
-9
Let k(j) = -2*j - 5. Suppose -8 = 7*m - 11*m. Suppose -m*t + 1 = 9. Calculate k(t).
3
Let m(p) be the second derivative of -p**6/120 - p**5/60 + p**4/24 - p**2 - 2*p. Let f(h) be the first derivative of m(h). Give f(2).
-10
Let m = -17 + 13. Let p(w) = w**2 - 4. What is p(m)?
12
Let z(k) = -k**3 - 2*k**2 + 2*k - 1. Suppose -5*r + 33 = 3*t, 5*t + r = 33 - 0. Suppose 3*s = -3*i - 4 - 8, -i - 3*s = t. What is z(i)?
2
Let s = -1 - 0. Suppose -u + 8 = 4*p 